{"id":688,"date":"2025-03-24T05:02:36","date_gmt":"2025-03-24T05:02:36","guid":{"rendered":"https:\/\/optimus-motors.com\/?page_id=688"},"modified":"2025-03-24T21:40:36","modified_gmt":"2025-03-24T21:40:36","slug":"ofertas","status":"publish","type":"page","link":"https:\/\/optimus-motors.com\/?page_id=688","title":{"rendered":"Ofertas"},"content":{"rendered":"\n<h2 class=\"wp-block-heading\">Ofertas Especiales y Descuentos<\/h2>\n\n\n\n<p> Encuentra la moto de tus sue\u00f1os a un precio especial.<\/p>\n\n\n\n<p><strong>\u00a1No te pierdas nuestras ofertas especiales en motos!<\/strong> Descubre las motos que est\u00e1n en oferta, con precios incre\u00edbles y unidades limitadas. Haz clic en cada imagen para obtener m\u00e1s detalles y ver nuestras rese\u00f1as en video.<\/p>\n\n\n\nngg_shortcode_0_placeholder\n\n\n\n<h4 class=\"wp-block-heading\"><strong>Descripci\u00f3n de la Oferta<\/strong><\/h4>\n\n\n\n<ul class=\"wp-block-list\">\n<li><strong>Condiciones<\/strong>: Oferta v\u00e1lida hasta el 30 de abril de 2024 o hasta agotar existencias.<\/li>\n\n\n\n<li><strong>Financiamiento<\/strong>: Opciones de financiamiento disponibles con tasas competitivas y pagos accesibles.<\/li>\n\n\n\n<li><strong>Garant\u00eda<\/strong>: 1 a\u00f1o de garant\u00eda de f\u00e1brica y asistencia en carretera.<\/li>\n\n\n\n<li><strong>Env\u00edo<\/strong>: \u00a1Env\u00edo gratis a cualquier lugar dentro de la ciudad!<\/li>\n<\/ul>\n\n\n<div data-block-name=\"woocommerce\/cart-link\" class=\"wp-block-woocommerce-cart-link\"><a class=\"wc-block-cart-link\" href=\"https:\/\/optimus-motors.com\/?page_id=588\"><svg xmlns=\"http:\/\/www.w3.org\/2000\/svg\" fill=\"currentColor\" class=\"wc-block-mini-cart__icon\" viewBox=\"0 0 32 32\"><circle cx=\"12.667\" cy=\"24.667\" r=\"2\"\/><circle cx=\"23.333\" cy=\"24.667\" r=\"2\"\/><path fill-rule=\"evenodd\" d=\"M9.285 10.036a1 1 0 0 1 .776-.37h15.272a1 1 0 0 1 .99 1.142l-1.333 9.333A1 1 0 0 1 24 21H12a1 1 0 0 1-.98-.797L9.083 10.87a1 1 0 0 1 .203-.834m2.005 1.63L12.814 19h10.319l1.047-7.333z\" clip-rule=\"evenodd\"\/><path fill-rule=\"evenodd\" d=\"M5.667 6.667a1 1 0 0 1 1-1h2.666a1 1 0 0 1 .984.82l.727 4a1 1 0 1 1-1.967.359l-.578-3.18H6.667a1 1 0 0 1-1-1\" clip-rule=\"evenodd\"\/><\/svg><span class=\"wc-block-cart-link__text\">Cart<\/span><\/a><\/div>\n\n\n<p>Click aqui para mas informaci\u00f3n.<\/p>\n\n\n\n<p><\/p>\n","protected":false},"excerpt":{"rendered":"<p>Ofertas Especiales y Descuentos Encuentra la moto de tus sue\u00f1os a un precio especial. \u00a1No te pierdas nuestras ofertas especiales en motos! Descubre las motos que est\u00e1n en oferta, con precios incre\u00edbles y unidades limitadas. Haz clic en cada imagen para obtener m\u00e1s detalles y ver nuestras rese\u00f1as en video. Descripci\u00f3n de la Oferta Click [&hellip;]<\/p>\n","protected":false},"author":3,"featured_media":0,"parent":0,"menu_order":0,"comment_status":"closed","ping_status":"closed","template":"","meta":{"_uag_custom_page_level_css":"","site-sidebar-layout":"default","site-content-layout":"","ast-site-content-layout":"","site-content-style":"default","site-sidebar-style":"default","ast-global-header-display":"","ast-banner-title-visibility":"","ast-main-header-display":"","ast-hfb-above-header-display":"","ast-hfb-below-header-display":"","ast-hfb-mobile-header-display":"","site-post-title":"","ast-breadcrumbs-content":"","ast-featured-img":"","footer-sml-layout":"","theme-transparent-header-meta":"","adv-header-id-meta":"","stick-header-meta":"","header-above-stick-meta":"","header-main-stick-meta":"","header-below-stick-meta":"","astra-migrate-meta-layouts":"default","ast-page-background-enabled":"default","ast-page-background-meta":{"desktop":{"background-color":"var(--ast-global-color-5)","background-image":"","background-repeat":"repeat","background-position":"center center","background-size":"auto","background-attachment":"scroll","background-type":"","background-media":"","overlay-type":"","overlay-color":"","overlay-opacity":"","overlay-gradient":""},"tablet":{"background-color":"","background-image":"","background-repeat":"repeat","background-position":"center center","background-size":"auto","background-attachment":"scroll","background-type":"","background-media":"","overlay-type":"","overlay-color":"","overlay-opacity":"","overlay-gradient":""},"mobile":{"background-color":"","background-image":"","background-repeat":"repeat","background-position":"center center","background-size":"auto","background-attachment":"scroll","background-type":"","background-media":"","overlay-type":"","overlay-color":"","overlay-opacity":"","overlay-gradient":""}},"ast-content-background-meta":{"desktop":{"background-color":"var(--ast-global-color-4)","background-image":"","background-repeat":"repeat","background-position":"center center","background-size":"auto","background-attachment":"scroll","background-type":"","background-media":"","overlay-type":"","overlay-color":"","overlay-opacity":"","overlay-gradient":""},"tablet":{"background-color":"var(--ast-global-color-4)","background-image":"","background-repeat":"repeat","background-position":"center center","background-size":"auto","background-attachment":"scroll","background-type":"","background-media":"","overlay-type":"","overlay-color":"","overlay-opacity":"","overlay-gradient":""},"mobile":{"background-color":"var(--ast-global-color-4)","background-image":"","background-repeat":"repeat","background-position":"center center","background-size":"auto","background-attachment":"scroll","background-type":"","background-media":"","overlay-type":"","overlay-color":"","overlay-opacity":"","overlay-gradient":""}},"ngg_post_thumbnail":0,"footnotes":""},"class_list":["post-688","page","type-page","status-publish","hentry"],"uagb_featured_image_src":{"full":false,"thumbnail":false,"medium":false,"medium_large":false,"large":false,"1536x1536":false,"2048x2048":false,"woocommerce_thumbnail":false,"woocommerce_single":false,"woocommerce_gallery_thumbnail":false},"uagb_author_info":{"display_name":"Julia Marisol Chain Chin","author_link":"https:\/\/optimus-motors.com\/?author=3"},"uagb_comment_info":0,"uagb_excerpt":"Ofertas Especiales y Descuentos Encuentra la moto de tus sue\u00f1os a un precio especial. \u00a1No te pierdas nuestras ofertas especiales en motos! Descubre las motos que est\u00e1n en oferta, con precios incre\u00edbles y unidades limitadas. Haz clic en cada imagen para obtener m\u00e1s detalles y ver nuestras rese\u00f1as en video. Descripci\u00f3n de la Oferta Click&hellip;","_links":{"self":[{"href":"https:\/\/optimus-motors.com\/index.php?rest_route=\/wp\/v2\/pages\/688","targetHints":{"allow":["GET"]}}],"collection":[{"href":"https:\/\/optimus-motors.com\/index.php?rest_route=\/wp\/v2\/pages"}],"about":[{"href":"https:\/\/optimus-motors.com\/index.php?rest_route=\/wp\/v2\/types\/page"}],"author":[{"embeddable":true,"href":"https:\/\/optimus-motors.com\/index.php?rest_route=\/wp\/v2\/users\/3"}],"replies":[{"embeddable":true,"href":"https:\/\/optimus-motors.com\/index.php?rest_route=%2Fwp%2Fv2%2Fcomments&post=688"}],"version-history":[{"count":5,"href":"https:\/\/optimus-motors.com\/index.php?rest_route=\/wp\/v2\/pages\/688\/revisions"}],"predecessor-version":[{"id":706,"href":"https:\/\/optimus-motors.com\/index.php?rest_route=\/wp\/v2\/pages\/688\/revisions\/706"}],"wp:attachment":[{"href":"https:\/\/optimus-motors.com\/index.php?rest_route=%2Fwp%2Fv2%2Fmedia&parent=688"}],"curies":[{"name":"wp","href":"https:\/\/api.w.org\/{rel}","templated":true}]}}